450?
False
Is 105 a factor of 649320?
True
Does 168 divide 1303512?
True
Is 358250 a multiple of 50?
True
Does 25 divide 560762?
False
Is 119016 a multiple of 6?
True
Is 5 a factor of 105438?
False
Does 798 divide 120498?
True
Does 17 divide 42857?
True
Is 103579 a multiple of 13?
False
Is 55 a factor of 804980?
True
Does 4 divide 61032?
True
Is 185388 a multiple of 12?
True
Is 1880 a factor of 4637960?
True
Does 9 divide 1605621?
False
Does 40 divide 1278240?
True
Does 53 divide 154145?
False
Does 11 divide 8748112?
False
Is 84672 a multiple of 63?
True
Is 439934 a multiple of 86?
False
Is 40 a factor of 2861440?
True
Is 16392 a multiple of 12?
True
Is 20195429 a multiple of 47?
False
Does 314 divide 233637?
False
Does 152 divide 459712?
False
Is 280931 a multiple of 51?
False
Is 398297 a multiple of 16?
False
Does 42 divide 7718148?
False
Does 93 divide 263722?
False
Does 152 divide 132696?
True
Does 5 divide 27730?
True
Is 21 a factor of 1161783?
True
Is 424 a factor of 7762104?
False
Does 9 divide 860190?
False
Is 1548261 a multiple of 429?
True
Is 939 a factor of 12465703?
False
Is 899290 a multiple of 40?
False
Is 10 a factor of 3041236?
False
Is 39 a factor of 507739?
False
Is 333842 a multiple of 10?
False
Is 140 a factor of 8519280?
True
Is 81 a factor of 115195?
False
Is 21 a factor of 133872?
False
Does 9 divide 58903?
False
Is 11 a factor of 273357?
False
Is 133 a factor of 4548600?
True
Is 3117086 a multiple of 49?
True
Does 9 divide 3191067?
True
Is 218316 a multiple of 161?
True
Is 43 a factor of 201567?
False
Does 71 divide 322148?
False
Is 245119 a multiple of 235?
False
Is 6637194 a multiple of 85?
False
Is 62 a factor of 995062?
False
Is 335 a factor of 82498?
False
Does 822 divide 859447?
False
Is 4263075 a multiple of 644?
False
Does 51 divide 344017?
False
Is 9 a factor of 22590?
True
Is 84 a factor of 18965313?
False
Is 434250 a multiple of 5?
True
Is 5 a factor of 769770?
True
Is 11 a factor of 2572206?
False
Is 730718 a multiple of 131?
True
Is 14612581 a multiple of 138?
False
Does 5 divide 216639?
False
Is 178 a factor of 78169?
False
Does 486 divide 5069805?
False
Is 11 a factor of 7206491?
False
Is 2323276 a multiple of 494?
False
Is 3163558 a multiple of 46?
True
Does 23 divide 264201?
True
Does 25 divide 88727?
False
Is 2336090 a multiple of 12?
False
Does 4 divide 186803?
False
Is 10 a factor of 399910?
True
Is 161850 a multiple of 15?
True
Is 5202642 a multiple of 103?
False
Is 2135386 a multiple of 58?
True
Is 255 a factor of 865470?
True
Is 19 a factor of 85408?
False
Does 115 divide 1265460?
True
Does 133 divide 479997?
True
Is 27 a factor of 8610693?
False
Is 73 a factor of 785626?
True
Is 13 a factor of 1218464?
True
Does 101 divide 6526418?
True
Is 4385304 a multiple of 21?
True
Does 3 divide 334467?
True
Is 746820 a multiple of 108?
True
Does 144 divide 67392?
True
Is 523910 a multiple of 174?
False
Is 499461 a multiple of 11?
False
Is 62 a factor of 722440?
False
Is 37 a factor of 39072?
True
Does 11 divide 120161?
False
Is 56 a factor of 614511?
False
Is 1750 a multiple of 10?
True
Is 1371166 a multiple of 926?
False
Is 170893 a multiple of 4?
False
Does 75 divide 3051225?
True
Is 127710 a multiple of 430?
True
Is 152992 a multiple of 28?
True
Does 27 divide 509841?
True
Does 2504 divide 12640341?
False
Does 37 divide 3545525?
True
Is 8 a factor of 65560?
True
Is 7548683 a multiple of 17?
False
Is 21946 a multiple of 126?
False
Is 251836 a multiple of 668?
True
Does 228 divide 2179680?
True
Does 53 divide 367820?
True
Does 51 divide 493030?
False
Is 12 a factor of 414300?
True
Is 17 a factor of 7716866?
False
Is 275990 a multiple of 143?
True
Is 22013 even?
False
Is 335 a factor of 3079246?
False
Does 337 divide 1163998?
True
Is 27 a factor of 402651?
True
Is 83 a factor of 702582?
False
Is 73 a factor of 153008?
True
Is 3983183 a multiple of 6?
False
Is 7 a factor of 19034?
False
Is 225 a factor of 2388375?
True
Does 17 divide 963968?
True
Does 32 divide 73257?
False
Is 455 a factor of 14374379?
False
Is 749138 a multiple of 26?
True
Is 407959 a multiple of 3?
False
Does 4 divide 239576?
True
Is 1124032 a multiple of 104?
True
Does 64 divide 21578?
False
Is 104 a factor of 731848?
True
Is 211 a factor of 507455?
True
Is 116 a factor of 3760836?
True
Is 9 a factor of 133147?
False
Does 11 divide 84582?
False
Does 687 divide 7749580?
False
Is 2736776 a multiple of 28?
True
Is 16 a factor of 1269632?
True
Is 26766 a multiple of 18?
True
Is 20 a factor of 19375220?
True
Is 1816023 a multiple of 3?
True
Does 69 divide 218001?
False
Does 47 divide 157078?
False
Is 38938 even?
True
Is 57850 a multiple of 178?
True
Does 178 divide 296617?
False
Does 93 divide 729201?
False
Does 518 divide 7962085?
False
Is 1224 a multiple of 68?
True
Does 390 divide 797265?
False
Is 7 a factor of 3544058?
True
Is 3998002 a multiple of 33?
False
Does 17 divide 103962?
False
Does 18 divide 239914?
False
Is 85 a factor of 24905?
True
Is 2580115 a multiple of 1356?
False
Is 12 a factor of 1370595?
False
Is 19 a factor of 1488536?
True
Is 21314831 a multiple of 198?
False
Does 24 divide 340392?
True
Does 132 divide 479229?
False
Does 638 divide 2657418?
False
Is 370558 a multiple of 496?
False
Does 169 divide 164089?
False
Does 482 divide 2698718?
True
Does 148 divide 442964?
True
Does 6 divide 21181?
False
Does 4 divide 1466196?
True
Does 382 divide 3262280?
True
Is 949872 a multiple of 308?
True
Is 76887 a multiple of 15?
False
Is 12 a factor of 456308?
False
Is 1462164 a multiple of 106?
True
Is 2097337 a multiple of 11?
True
Does 51 divide 1396961?
False
Is 119272 a multiple of 17?
True
Is 24 a factor of 483144?
True
Is 241110 a multiple of 74?
False
Is 40454 a multiple of 16?
False
Is 271134 a multiple of 9?
True
Does 392 divide 207368?
True
Is 44304 a multiple of 426?
True
Does 232 divide 314941?
False
Is 455968 a multiple of 14?
False
Is 8135643 a multiple of 43?
True
Is 26401 a multiple of 224?
False
Is 271 a factor of 739954?
False
Does 38 divide 1372940?
True
Is 806 a factor of 298220?
True
Is 368082 a multiple of 18?
True
Is 6288640 a multiple of 32?
True
Is 3 a factor of 57785?
False
Does 7 divide 20195?
True
Is 15175179 a multiple of 22?
False
Is 5461533 a multiple of 21?
True
Is 12316 a multiple of 10?
False
Does 99 divide 1783386?
True
Does 53 divide 9001276?
False
Does 6 divide 8477276?
False
Is 27 a factor of 502956?
True
Is 675226 a multiple of 82?
False
Is 3089637 a multiple of 429?
False
Is 1574235 a multiple of 4?
False
Does 150 divide 4055129?
False
Is 24 a factor of 212618?
False
Is 11 a factor of 4829099?
True
Does 7 divide 91882?
True
Is 169330 a multiple of 2?
True
Is 784 a factor of 4370016?
True
Does 31 divide 126828?
False
Is 8337388 a multiple of 71?
True
Is 9 a factor of 104706?
True
Is 4690427 a multiple of 21?
False
Is 235755 a multiple of 15?
True
Does 4 divide 29572?
True
Does 55 divide 811735?
False
Does 120 divide 26422?
False
Is 199 a factor of 1722942?
True
Is 219057 a multiple of 330?
False
Is 14 a factor of 1654226?
True
Is 295526 a multiple of 16?
False
Does 4 divide 2575045?
False
Is 1067268 a multiple of 453?
True
Is 8 a factor of 930277?
False
Does 14 divide 25424?
True
Is 18 a factor of 13392?
True
Does 5 divide 404678?
False
Does 293 divide 179943?
False
Does 18 divide 339597?
False
Does 38 divide 422788?
True
Does 16 divide 6589935?
False
Is 543201 a multiple of 17?
True
Does 404 divide 93211?
False
Is 5 a factor of 917665?
True
Does 261 divide 6240771?
True
Is 16 a factor of 8915?
False
Is 666126 a multiple of 69?
True
Is 190838 a multiple of 166?
False
Is 378 a factor of 131469?
False
Is 39 a factor of 3411128?
False
Is 326 a factor of 65739?
False
Is 183408 a multiple of 6?
True
Is 10628520 a multiple of 21?
True
Is 1320612 a multiple of 85?
False
Does 65 divide 98150?
True
Does 103 divide 2975155?
True
Is 832 a factor of 372736?
True
Is 13851703 a multiple of 418?
False
Is 2550916 a multiple of 57?
False
Is 26 a factor of 644930?
True
Does 342 divide 544520?
False
Does 108 divide 357156?
True
Is 7445360 a multiple of 20?
True
Does 21 divide 6310219?
False
Does 40 divide 2102520?
True
Does 381 divide 440278?
False
Is 816189 a multiple of 109?
False
Is 29 a factor of 50518?
Tr